ppose 0 = 5*r - 3*c - 151, -7*r - 82 = t*c - 281. What is the highest common factor of 145 and r?
29
Let i be (-3)/(-21) - 5878*(-3)/42. Calculate the highest common divisor of 315 and i.
105
Let w = -101 + 113. Suppose 8*j = 7*j + 48. Suppose 12 + j = 5*u. Calculate the highest common divisor of w and u.
12
Let g(p) = -p**3 + 8*p**2 - 18*p - 6. Let u be g(8). Let j be (12/u*-10)/(2/20). What is the highest common factor of 10 and j?
2
Let t = 270 + -267. Let k(x) = 15*x**2 + 12. Let m be k(t). Calculate the greatest common divisor of m and 84.
21
Suppose -2*x + 15 = -3*x + 5*i, 5*i = -3*x + 35. Suppose -135*y = -22045 - 2930. Calculate the greatest common factor of x and y.
5
Let f be (-15840)/(-150)*330/24. Calculate the greatest common factor of f and 4.
4
Let f be (-12)/(22/(-18) + 1). Let n = 80 - f. What is the highest common divisor of n and 26?
26
Suppose -4*g - 6*h + 3*h - 41 = 0, -6 = 2*h. Let j be g*8 - (0 + -4). Let q = j - -230. What is the greatest common divisor of q and 34?
34
Let b be (-111)/481*-52 + 4. Suppose 3*d + 4*g - 116 = 0, 10 = -2*g + 4*g. What is the highest common factor of b and d?
16
Suppose -2*y - 16 = -3*t + 2, 4*y - 6 = -t. Suppose -t*i - 87 = -441. Let s = i + -50. Calculate the highest common divisor of 54 and s.
9
Let a be (((-75)/(-4))/(11/132))/((-24)/(-272)). What is the highest common factor of a and 20?
10
Suppose 28*i - 32485 - 19093 = -9*i. Calculate the highest common factor of 369 and i.
41
Let y(c) = 107*c + 15. Let k be y(3). Let z = k - 284. Let i = 13 - -13. What is the greatest common factor of i and z?
26
Let s be (-152)/(-2) - (1 - -1). Suppose 74 = 4*f + s. Suppose f = -2*l + 6*l - 24. Calculate the greatest common factor of l and 1.
1
Suppose 4*w + 144 = j, 2*w = 4*j + 5*w - 500. Suppose 5*v + 4*g + g = 1600, 0 = 2*g. What is the greatest common factor of v and j?
64
Let s be (-13)/((-156)/608)*(-6)/(-4). What is the highest common factor of 1045 and s?
19
Suppose -5*v + 2*i + 63 = 0, 0 = 3*i + 96 - 84. Suppose -2*g = 3*g - 3*m - 5570, 3*g + 5*m = 3308. What is the highest common divisor of g and v?
11
Let q(j) = j**3 + 7*j**2 + 4*j + 1. Let f be q(-5). Let m = f + -29. Suppose 42 = m*x + x. Calculate the greatest common divisor of x and 126.
14
Let w = -3178 + 3228. What is the highest common factor of w and 125?
25
Suppose -51*t = -46*t + 3*d - 5122, 0 = -5*t - 5*d + 5120. Calculate the highest common factor of 697 and t.
41
Suppose 1747*l = 1659*l + 3696. Calculate the greatest common factor of 63 and l.
21
Suppose -46*g + 12349 + 3203 = -14*g. Calculate the highest common factor of 4698 and g.
162
Let q be (43005/(-10))/(4*(-18)/48). Calculate the greatest common divisor of q and 122.
61
Suppose -x - y = -17, -3*x + 4*y = -9 - 0. What is the highest common divisor of x and 3113?
11
Let i(l) = -233*l + 1252. Let f be i(-9). Calculate the greatest common divisor of f and 17.
17
Let d(p) = 4*p**2 + p - 2. Let w be d(-3). Let l be 86/(-14) + 6 - 360/(-21). Let c = w - l. Calculate the greatest common factor of c and 70.
14
Let t(x) = -2*x**2 + 19*x + 5. Suppose -5*i + 54 - 9 = 0. Let v be t(i). Let h = -652 - -778. What is the greatest common factor of h and v?
14
Let v(p) = 5*p**2 - p + 18. Let u be v(-7). Let l = -78 + 88. Calculate the greatest common factor of u and l.
10
Suppose 42 - 82 = -2*q + 2*p, 0 = 4*q + p - 105. What is the highest common factor of q and 675?
25
Suppose -3*z + 54 + 18 = 0. Let s be (-90720)/4200*15/(-9). What is the greatest common divisor of s and z?
12
Let y be (0 - 3) + (-162)/(4 + -7). Suppose 33 = 12*u - y. Calculate the highest common factor of 161 and u.
7
Let k = 579 + -573. Let j(c) = -c**2 - 21*c + 2. Let g be j(-21). Calculate the greatest common divisor of k and g.
2
Suppose 16*k + 2*k = -17*k + 1960. Let d be (-24)/((-2)/7*1). What is the highest common divisor of k and d?
28
Suppose 3*p - 322 - 524 = -4*x, -x - 1128 = -4*p. Let n = p - 234. What is the highest common divisor of 528 and n?
48
Suppose -4*w - 39 = -147. Let n = -6 + -59. Let r = n - -92. Calculate the highest common factor of w and r.
27
Let t be 7795/45 + 1 + ((-52)/(-117))/(-2). What is the highest common factor of t and 48?
6
Let d(h) be the first derivative of 2*h**3 + 3*h**2 - 18*h + 84. Let b be d(4). Calculate the greatest common factor of b and 153.
51
Let n(b) = 1864*b**3 + 32*b**2 - 7*b + 2. Let a be n(1). What is the highest common divisor of 183 and a?
61
Let b(g) = 3*g**2 - 5*g - 51. Let s be b(7). Calculate the highest common factor of 793 and s.
61
Suppose -8*q = -2497 - 479. Calculate the highest common factor of q and 1581.
93
Suppose -2*w + w + 1 = 0. Let q be (-48)/w*3/(-6). Suppose 4*j = 84 - q. Calculate the greatest common factor of 5 and j.
5
Let f = 206 - 188. Suppose 3312 = 28*c - 5*c. Calculate the highest common factor of c and f.
18
Suppose 27*r = 80 + 28. Suppose r*i - 133 = -x, 0 = 4*x - 2*i - 69 - 463. Calculate the greatest common factor of x and 19.
19
Let p(l) = 23*l - 83. Let x be p(5). Calculate the greatest common divisor of x and 1504.
32
Suppose -2*k - 2163 = -2845. What is the greatest common factor of 248 and k?
31
Suppose -8*z + 106 = -134. Suppose -z*l + 14 = -32*l. Let v be l + 4/2 + 348. What is the greatest common divisor of v and 49?
49
Let v(o) = -o**3 + 3. Let a be v(0). Let b be -1 + (((-12)/a)/(-2) - -239). Let j be -3 - (-2 - -2) - b/(-12). What is the highest common factor of 136 and j?
17
Let j be 50494/18 + 504/(-2268). What is the greatest common divisor of 2295 and j?
255
Let m be (11 + -31 + -2)/((-2)/76). Calculate the greatest common divisor of m and 176.
44
Suppose 2*n = 6 - 0, 5*i - 6 = -2*n. Suppose -3*h - 3*h + 12 = i. What is the greatest common divisor of 32 and h?
2
Let y = 5928 + -5898. What is the highest common divisor of 28590 and y?
30
Suppose -3*l = -2*f + l, 0 = -3*f + 3*l. Suppose f = -16*p + 1629 - 29. Calculate the highest common divisor of p and 175.
25
Let n = -59 - -33. Let i = -26 - n. Let s(y) = -2*y + 6. Let p be s(i). Calculate the greatest common divisor of 18 and p.
6
Let q = 3256 + 7804. Suppose 0 = 23*i + 3723 - q. What is the highest common divisor of i and 58?
29
Let p = 97 - 41. Let q(b) = -26*b**2 + 23*b - 22. Let w be q(1). Let z = w + p. What is the highest common divisor of 217 and z?
31
Let s(h) = 389 - 403 + 2*h**2 - h**2. Let d be s(4). Let b = -2 - -4. Calculate the highest common factor of d and b.
2
Let q be -2*5/(-10)*-7. Let r = -4 - q. Suppose -4*v - 2*y + 218 = 0, -4*v = -2*y - r*y - 183. Calculate the highest common divisor of v and 13.
13
Let i = 216 - 123. Suppose k + 37*f - 474 = 40*f, -6 = 2*f. What is the highest common divisor of k and i?
93
Let j = 399 - -57. Let t = 45 - 33. What is the greatest common factor of j and t?
12
Let b = 237 + -234. Let t = -1664 + 1679. What is the greatest common divisor of b and t?
3
Suppose 5 = -5*m + 20, 93 = -3*w - 5*m. Let h be (-386)/(-8) - (-9)/w. Calculate the greatest common factor of 30 and h.
6
Suppose -5*z - 5*r = -21630, 7*z + 2*r - 11846 = 18456. What is the greatest common divisor of z and 10?
10
Let t = 13591 + -13507. Calculate the greatest common divisor of 12 and t.
12
Suppose 203 = h + 3*q, h - 202 = -0*h - 2*q. Let v be (-1400)/60*(27/36)/(14/(-32)). What is the greatest common factor of v and h?
40
Let c(p) = p**3 + 5*p**2 + 5*p - 6. Let d be c(4). Let l = d + -143. Let k(b) = 10*b. Let y be k(6). Calculate the highest common divisor of l and y.
15
Suppose 0 = -4*u + r + 60, r - 2*r - 4 = 0. Let w be (4 + -3 - -1) + 1 + 13. Suppose -w*j = -8*j - 448. Calculate the highest common factor of j and u.
14
Suppose -962*n + 958*n + 1364 = 0. Let m = n - 316. What is the highest common divisor of m and 15?
5
Let f(s) = 2483*s**2 - 355*s - 710. Let j be f(-2). What is the greatest common divisor of j and 78?
26
Suppose c - 4*h + 237 = 0, 5*c + 1248 = -6*h + 5*h. Let m = 257 + c. Calculate the greatest common divisor of 6 and m.
2
Suppose 4*p = -0*p + 4*h + 2464, 3*p - 1846 = h. Let n be ((-102)/(-84) + (-95)/133)*82. What is the greatest common divisor of n and p?
41
Let j(d) = 316*d - 4048. Let g be j(13). Calculate the highest common factor of g and 4660.
20
Let c(f) = 9*f**2 - 7 + 10 + 4*f + 0*f**3 + f**3. Let l be c(-8).